= -4*r - 3 + 19. Suppose 0 = w - 5*c + 23, r*c = 2*w + 2 + 38. Let s = w - -22. List the prime factors of s.
2
What are the prime factors of 27/(0 + 5/185)?
3, 37
Suppose -46 = -2*s + 252. What are the prime factors of s?
149
Let h = -1 - -4. Let k(v) = -4*v + v**2 - h*v**3 + 3*v**2 + 2*v**3 + 2. List the prime factors of k(2).
2
Suppose 5*l + 27 = 3*v, -5*l - 27 + 4 = -2*v. Suppose -p - p + 57 = -s, 4*p + v*s = 96. List the prime factors of p.
3
Let y(k) = 111*k - 4. Let c be y(2). Suppose c + 234 = 4*i. Suppose j = -2*r + 71, 4*r - 4*j - 23 = i. What are the prime factors of r?
5, 7
What are the prime factors of 23817/(-34)*(8/6 - 2)?
467
Suppose -2*w = 5*o - 14, -4*o - 5*w + 27 - 9 = 0. Let l be (-5)/o*-2 - 2. List the prime factors of l*-2*26/(-12).
13
Let z be ((-5)/10)/(3/(-6)). Suppose 4*b = q - 11 - z, 0 = q - b. List the prime factors of 4 + (q - (3 + -44)).
41
What are the prime factors of (7 + 3227)/3 - 1?
3, 359
Let r(b) = b**3 - 3*b**2 - b + 2. Let o be r(4). Suppose 38 = v - o. List the prime factors of v.
2, 13
Let j = 6881 + -2767. List the prime factors of j.
2, 11, 17
Suppose 7*z + 158 - 1950 = 0. What are the prime factors of z?
2
Let j(l) = -5*l**3 + 4*l**2 + 5*l - 4. What are the prime factors of j(-5)?
2, 3, 29
Suppose 41 + 174 = 5*t. Suppose -2*r - 3*k + 121 = -0*k, r - t = 2*k. List the prime factors of r.
53
Suppose -2*z + 5*d = -313, 3*z - 367 - 85 = 4*d. Let k = z - 42. List the prime factors of k.
2, 3, 17
Let b(j) = j. Let g be (12/9)/((-2)/6). Let u be b(g). Let a = u - -11. What are the prime factors of a?
7
Let x(m) = -6*m - 34. Let y be x(-6). Suppose w + 3*a - 124 = -a, -4*a - 308 = -y*w. List the prime factors of w.
2, 3
Suppose -x + 2*x - 153 = 2*t, -2*x + 331 = t. Suppose 0 = 5*g - g + 8, -4*g + x = 3*d. What are the prime factors of d?
3, 19
Let i(t) = -t**3 - t**2 - t - 1. Let c(d) = 11*d**3 + 8*d**2 + 5*d + 6. Let m(o) = c(o) + 6*i(o). List the prime factors of m(3).
2, 3, 5
Let t(s) = -s**3 - 5*s - 7*s**2 + 20 + 15*s - 4. Let y be t(-8). Suppose -54 = -2*a - 4*k, 5*a + y*k - 190 = k. What are the prime factors of a?
37
Let q(c) = c**3 - 11*c**2 + 12*c + 7. Let h(f) = 61*f**2 - 2*f - 3. Let m be h(-1). Let y be (6/2)/(18/m). List the prime factors of q(y).
3
Let n = -115 - -109. Let p(b) = -3 - 3*b + 1 + 4. What are the prime factors of p(n)?
2, 5
Suppose -30*y = -36 - 29994. List the prime factors of y.
7, 11, 13
Let d(y) = 17*y + 4. Let z be d(8). Suppose -2*x + 5*g + 43 + 101 = 0, -3*g - z = -2*x. List the prime factors of x.
67
Suppose -2*t + 326 = -378. Suppose -4*x = 4*x - t. List the prime factors of x.
2, 11
Suppose 0 = -3*k - 15*k + 8172. What are the prime factors of k?
2, 227
Let h(k) = 5*k**2 + 2*k + 2. Let f be h(2). Suppose -16 = -2*m + f. List the prime factors of m.
3, 7
Suppose u - 2*u + 2*h + 21 = 0, 0 = -u - 5*h - 14. Let o = -9 - u. Let f = o + 50. What are the prime factors of f?
2, 3, 5
Let r = 54 + 4. Let j = -25 + r. List the prime factors of j.
3, 11
List the prime factors of 2014 - ((-18)/(-153) - 416/68).
2, 5, 101
Let d(c) be the first derivative of -c**4/4 + 8*c**3/3 + 5*c**2 - 7*c - 1. Let o = 61 + -52. What are the prime factors of d(o)?
2
Let b = 30 + -17. List the prime factors of b*((-1 - 0) + 2).
13
Let z(g) = -g**3 - 3*g**2 + 4*g - 18. Let d be z(-8). Suppose 3*n + 3*q = d, 3*n - 301 = 5*q - 63. List the prime factors of n.
2, 43
Suppose 819 = 3*i - 3*j, -3*j + 476 + 905 = 5*i. List the prime factors of i.
5, 11
Suppose 4*f + 8*f = 7848. What are the prime factors of f?
2, 3, 109
Suppose f - 5*h + 13 - 41 = 0, 4*f - 17 = h. Suppose -12 = f*o, -4*s + 14 = -3*o + 2. Suppose s = l + 2*l - 63. List the prime factors of l.
3, 7
Let p = -26 + 35. Suppose -4*w + 8 = -u + 6*u, 0 = 3*u. Let z = p - w. List the prime factors of z.
7
Let x(k) = -3*k - 3*k + 3 + 10*k + 12. What are the prime factors of x(19)?
7, 13
Let j(o) = 7*o**2 + 9*o - 33. List the prime factors of j(8).
487
Suppose -5*g + 35 = -0*g - m, 0 = 4*g - 2*m - 22. Let l(c) = -c**2 + 10*c + 10. What are the prime factors of l(g)?
2, 13
Suppose 5 = -j + r, 5*j + 3*r + r + 43 = 0. Let c(u) = -2*u**3 - 9*u**2 - 11*u - 16. What are the prime factors of c(j)?
2, 3, 17
What are the prime factors of 2/((-32)/(-232))*8?
2, 29
Let j(w) = 37*w**2 + 20*w + 3. Let k(v) = 112*v**2 + 57*v + 9. Let u(c) = -17*j(c) + 6*k(c). Let i = -4 - -3. What are the prime factors of u(i)?
2, 11
Suppose -3*h + 2*s = -604, 192 = h - s - 2*s. Suppose 0 = 4*k - 4*g - 424, -2*k + h = 2*g - 0*g. What are the prime factors of k?
2, 13
List the prime factors of 2185 - 7 - (-3)/(-3).
7, 311
Suppose 143 = q + 468. Let w = -137 - q. List the prime factors of w.
2, 47
Let s = -123 - -127. Suppose -2*b = -s*r + 88, 0 = -4*r - 0*r - b + 94. What are the prime factors of r?
23
Suppose 2*f = 17*h - 14*h + 5447, 5*h = -2*f + 5455. What are the prime factors of f?
5, 109
Suppose 2*k + 3 + 13 = -2*s, 4*s = -4. Let p be (k - -2)*(-10)/25. Suppose -2*l - p = -3*l. List the prime factors of l.
2
Let l(x) = 3*x**2 - 37*x - 243. What are the prime factors of l(31)?
1493
Let r be (-7)/(-1)*(-4)/(-14). Suppose 0 = g + r - 3. Suppose 15 = -3*n, -3*n + 22 = 2*k + g. List the prime factors of k.
2, 3
Suppose 0 = -94*y + 130618 + 310430. List the prime factors of y.
2, 3, 17, 23
List the prime factors of 322 + (-1 - 40/(-4)).
331
Suppose 5*g - 60 = -4*h, -g + 40 = -5*h - 1. Let m be (-1 - -1) + (10 - g). Let x = m + 17. List the prime factors of x.
11
Let o = 1687 - 781. List the prime factors of o.
2, 3, 151
List the prime factors of 138744/33 + (-116)/319.
2, 1051
Let i(h) = -h + 9. Let v be i(4). Let s = 4 - v. List the prime factors of 31 + (-3 - -4)*s.
2, 3, 5
Suppose -s + 2 = -1. Let i(a) = 12*a**3 - a**2 - 3*a - 10*a**3 + 16*a**s + 5*a. What are the prime factors of i(1)?
19
Let q(t) = t**3 - 13*t**2 - 34*t + 30. Let v be q(14). What are the prime factors of 5 - (-1 + v + 1)?
3, 5, 17
Let l(n) = n**3 + 5*n**2 + 7*n - 4. Let k(a) = -a. Let d(x) = 2*k(x) + l(x). Let g be d(-4). What are the prime factors of g*3/(-6) + -2?
2
Let g = 388 + 296. List the prime factors of g.
2, 3, 19
Let i(y) be the first derivative of -y**4/4 + 7*y**3/3 + 9*y**2/2 - 6*y + 8. Let k be i(8). Suppose 12 = k*x - 20. What are the prime factors of x?
2
Suppose 0 = -0*c + 3*c + 5*r - 679, 5*c + 3*r = 1105. List the prime factors of c.
2, 109
Let a = -1600 - -2342. List the prime factors of a.
2, 7, 53
Let t = 45 - -183. Suppose 5*y - y - t = 0. List the prime factors of y.
3, 19
List the prime factors of -3 + 3 + (-1134)/(-9).
2, 3, 7
Let m = -7 - -4. Let z be 10/15*m + 2. Suppose z = -3*d - 0*d + 180. What are the prime factors of d?
2, 3, 5
Let j = -3 + 6. Suppose -3*y - j*o + 45 = -2*y, -o + 169 = 4*y. What are the prime factors of (-12)/3 - (4 - y)?
2, 17
Suppose 2*p - 9 = -p. Let h(t) = t**3 - 4*t**2 + 3*t + 4. Let s be h(p). Suppose -6*b + 8 = -s*b. List the prime factors of b.
2
Suppose 0 = 61*n - 65*n + 3692. What are the prime factors of n?
13, 71
Let j be (-5)/(-2)*(-22)/(-55) - 3. Let x(w) = -26*w + 4. What are the prime factors of x(j)?
2, 7
Let l(x) = -x**2 - 74*x - 235. What are the prime factors of l(-28)?
3, 13
Let z = 1915 - 1107. List the prime factors of z.
2, 101
Suppose -3*v + 9 = 0, v + 626 = 2*x - v. Suppose 0 = -98*l + 94*l + x. List the prime factors of l.
79
Let c = 382 + 159. List the prime factors of c.
541
Let v = -7 - -61. Let a be (-6)/(-15) - v/(-15). Suppose a*u - 36 = 28. What are the prime factors of u?
2
Suppose -5*k = -137 - 223. Suppose 2*w = i + i + k, 2*w = -4*i - 138. Let r = -7 - i. List the prime factors of r.
2, 7
Suppose -u - 4*u + 295 = 0. Let s = u + -6. Let n = -21 + s. List the prime factors of n.
2
List the prime factors of (67 + -7)*(-2 - (-33)/2).
2, 3, 5, 29
Let f(l) = 5*l**2 - 17*l + 7. Let t be f(7). Let x = t - 89. List the prime factors of x.
2, 11
Let w(h) be the first derivative of -3*h**4/4 - h**3/3 + h - 1. Let l be w(-1). Suppose -a - l = -10. List the prime factors of a.
7
Suppose -5*t + 2519 = 5*d - 7*t, 0 = -5*d + 5*t + 2525. What are the prime factors of d?
503
Let p(r) be the second derivative of -5*r**3/6 + 17*r**2/2 + r + 15. Suppose -j - 5*z - 24 = -2*z, 0 = -3*j + 4*z - 7. List the prime factors of p(j).
2, 31
Let s(o) =